t s = c - q. What is the highest common factor of s and 3?
1
Let c = 25 + -5. Let y be 1996/c + (-4)/5. Let l(f) = f**3 - f + 11. Let h be l(0). What is the highest common divisor of h and y?
11
Suppose 4*t = 3*d + 296, 2*t - 4*t + 484 = -5*d. Let b be (-80)/3*d/40. What is the highest common factor of b and 16?
16
Suppose -2*f - 12 = 2*f, -3*i + 4*f = -174. Calculate the greatest common divisor of i and 90.
18
Suppose 0 = r - 3*r + 6. Let l = 17 - 18. Let f be (-2)/2 + (l/(-1) - -3). Calculate the greatest common divisor of f and r.
3
Let m be ((-6)/18)/((-2)/198). Suppose 0 = 4*z - z - m. Suppose z*r = 10*r + 7. Calculate the greatest common divisor of 7 and r.
7
Suppose t - 239 - 45 = 0. Let s = -163 + t. Suppose 2*z - 116 = 4*p, 5*z - 3*z + p = s. Calculate the highest common factor of 12 and z.
12
Suppose -22 = 12*b - b. Let o be (-1 + 0)/(2*b/84). What is the greatest common divisor of 14 and o?
7
Let f(l) = l**2 - 74*l + 8. Let d be f(-5). Calculate the highest common factor of 124 and d.
31
Let w = -95 + 94. Let a be 16/(-32)*18*w. What is the highest common factor of 63 and a?
9
Suppose 0 = -2*f + 46 + 14. Suppose 0 = -3*t + 4*t - f. What is the greatest common factor of 75 and t?
15
Suppose -25*r + 974 + 776 = 0. Calculate the greatest common factor of 175 and r.
35
Suppose -3*q - 30 = -0*q. Let g = q - -16. Let h be 1008/80 + g/(-10). What is the greatest common factor of h and 36?
12
Suppose 0 = 3*x + 5*q - 367, -5*x + 585 = -0*q + 3*q. Calculate the greatest common factor of 190 and x.
38
Let j(y) = 3*y**2 - 15*y + 20. Let p be 16/((2 + -1)*2). Let b be j(p). Calculate the greatest common divisor of 23 and b.
23
Let g = 22 + -8. Let i be (1 + 2/1)*g. What is the highest common factor of i and 21?
21
Let v be 18 - (3 + (-6)/2). Suppose -12 + v = 3*a. What is the highest common factor of 8 and a?
2
Let m(o) = 3*o**3 + 13*o**2 + o + 11. Let l be m(-6). Let b = l + 197. What is the greatest common factor of b and 77?
11
Let h be (-8 - -9)/(2/4). Suppose h*j = -j + 102. Let x be (3 - 4) + (j - 0). What is the highest common divisor of 11 and x?
11
Let m = -33 + 39. Suppose 0 = -3*f - r + 100, -5*r = -f + m*f - 170. Calculate the greatest common divisor of 363 and f.
33
Let y(r) = 6*r**2 - 41*r + 20. Let l be y(-10). What is the highest common factor of 10 and l?
10
Suppose -3*v + 265 = q, -5*q + q + 2*v = -1130. What is the highest common factor of q and 14?
14
Let i = 132 + -94. Calculate the greatest common divisor of i and 228.
38
Suppose -8*n = -33*n + 10400. What is the highest common factor of 26 and n?
26
Suppose 3*w = -2*u - u + 141, -w = -u - 41. What is the highest common divisor of 8 and w?
4
Suppose -3*l - 108 = -5*p, -p + 4*p - l - 68 = 0. Let h be (-36)/(2 + 42/(-20)). Suppose -2*z - 3*z + h = 0. Calculate the greatest common divisor of z and p.
24
Let f(q) = -11*q + 69. Let l be f(6). Calculate the highest common divisor of 729 and l.
3
Suppose 5*t = 42 - 12. Let l(i) = i**2 + 10*i + 30. Let z be l(-12). Calculate the greatest common factor of t and z.
6
Let c be (-16)/(-40) - 1526/(-35). Suppose -8 = -2*w + 6*w + s, 4*w + 4*s = -20. Let y be 1*(0 - w)*11. Calculate the greatest common factor of y and c.
11
Suppose 0 = -0*u + 2*u + 76. Let m = 21 + u. Let o = 2 - m. Calculate the greatest common factor of 57 and o.
19
Let w(a) = 2*a**2 - 13*a + 25. Let l be w(8). Calculate the greatest common factor of l and 539.
49
Let y = 151 + -52. Let o(u) = 3*u + 105. Let v be o(-32). Calculate the highest common factor of v and y.
9
Suppose 0 = -10*c - 70 + 190. What is the highest common divisor of 78 and c?
6
Let h(a) = a**2 + 15*a - 9. Let c be h(-6). Let w = 93 + c. What is the highest common divisor of w and 15?
15
Let w = -201 + 208. Suppose 0 = 4*j - 3*g - 38, 4*j - 46 = -j + 3*g. Suppose q + 41 = n - q, 2*q - j = 0. What is the greatest common divisor of n and w?
7
Let a = 9 + 15. Suppose 6 = 3*d, 2*o = -5*d - a + 70. Suppose -251 = -3*u + 3*b + 223, 5*u = -5*b + 830. Calculate the greatest common factor of u and o.
18
Let g = 530 + -365. Calculate the highest common divisor of g and 30.
15
Suppose k = -4*m + 74, 215 = 4*k - 5*m - 81. Let f = k - 56. Let u = 512 + -350. What is the highest common divisor of u and f?
18
Suppose 82 + 206 = 12*q. Calculate the greatest common divisor of q and 736.
8
Suppose -19960 = -10*d + 2450. Calculate the greatest common divisor of 27 and d.
27
Let x be 2 + -116*(10/(-4) + 2). What is the highest common divisor of 270 and x?
30
Suppose 2*a = k - 61, -3*k - 3*a + 101 = -k. Suppose -2*r + k = 3*r. Suppose 2*f - 1 = r. What is the highest common divisor of 3 and f?
3
Suppose 7*f = -18 + 578. What is the highest common divisor of f and 40?
40
Suppose -2*n + 5*w = 21, n + 4*w + 26 = -4. Let p = 186 - n. What is the greatest common divisor of p and 12?
12
Suppose 33 = 11*l - 165. What is the greatest common divisor of l and 2?
2
Suppose -509 = -2*c - w, 3*c - c + 2*w = 512. Calculate the highest common factor of 46 and c.
23
Suppose -5*m + 1351 = -519. Suppose -n - 36 = -r - 2*n, 0 = 2*r - 4*n - 60. Calculate the highest common factor of r and m.
34
Let d(y) = 62*y + 441. Let b be d(-6). Calculate the greatest common factor of 943 and b.
23
Let r be (-3 - 1 - -42) + (-1)/(-1). What is the greatest common divisor of r and 507?
39
Let d = 0 - -4. Let p(s) = -s**3 + 5*s**2 + 2*s + 4. Let r be p(d). Suppose 4*w - 2 = 6*w - 5*n, 2*w - 6 = n. Calculate the greatest common divisor of r and w.
4
Let g(f) = 1519*f**2 + 26*f + 26. Let m be g(-1). Calculate the highest common divisor of m and 31.
31
Let g be (-68)/(-3) - 6/9. Let h(a) = -a**3 + 12*a**2 + 3*a - 25. Let u be h(12). What is the greatest common divisor of u and g?
11
Suppose -5*f = 3*a - 443, -5*a + 211 - 686 = -5*f. Let d = f + -25. Suppose 4 = -4*t + 28. What is the greatest common divisor of t and d?
6
Suppose 3 = -2*h - 1. Let z be (96/(-56))/(h/14). Calculate the greatest common divisor of 48 and z.
12
Suppose -2*i = -2*q + 82, 2*q - 4*i - 94 = -6*i. Let z be q/(-11) - 43*-1. What is the greatest common divisor of z and 3?
3
Let v(p) = -p + 8. Let w be v(8). Let n be (-18)/(12/4) + w. Let j be n/10 + 301/35. What is the highest common factor of 1 and j?
1
Suppose -7*r - 31 = -52. Suppose 4*a - 8*y = -r*y + 46, -5*y = 3*a - 17. What is the highest common divisor of a and 9?
9
Suppose 4*k = -3*a + 2*a - 213, 0 = -4*a + 12. Let f be k - (12/(-3))/(-4). Let o be (-2)/5 + (-297)/f. Calculate the greatest common factor of 35 and o.
5
Let f be 0 - (0 - -1 - 39). Suppose -4*w = -11*q + 6*q - 37, w - 4 = -4*q. Suppose n + 5*a = f, -3*a = -w*a + 5. What is the highest common factor of 132 and n?
33
Let f(c) = -2*c**2 - 6*c + 30*c + 29 - 12. Let d be f(12). What is the greatest common divisor of d and 68?
17
Let v(c) be the first derivative of c**4/4 - 4*c**3 - 5*c**2 - 15*c + 13. Let f be v(13). Calculate the greatest common factor of f and 60.
12
Let d = 588 + -506. Calculate the greatest common factor of 287 and d.
41
Let m be (1 - 2)*(9 - 6). Let z be (-3)/m + 199*1. Let d(h) = 2*h**2 + 4*h - 23. Let v be d(-6). What is the greatest common factor of z and v?
25
Let h(v) = 47*v - 123. Let p be h(3). Calculate the highest common factor of p and 702.
18
Suppose 29 = m - 5*d, -3*m + 4*d + 36 = 6*d. Let i(l) = 3*l + 1. Let j be i(4). Let b = m - j. What is the highest common divisor of 5 and b?
1
Let c be 62/(-558) + (-300)/(-27). Suppose 3*w + 2*w = 605. What is the greatest common factor of c and w?
11
Let w be 44 - (0 - 0)/(7 + -12). What is the greatest common divisor of w and 176?
44
Let q be 27/(-12)*(-2 + -2). Suppose -5*j + 0*j + 495 = 0. What is the greatest common divisor of q and j?
9
Let i = 1004 - 914. Calculate the greatest common divisor of 60 and i.
30
Suppose -2*u - 3*b + 47 = 0, -45*u + 43*u - 4*b + 50 = 0. What is the greatest common divisor of 19 and u?
19
Suppose -n = -13 + 8, 0 = 2*r - 3*n - 257. Calculate the highest common divisor of r and 34.
34
Suppose 4*r - 2514 = -2*b, -r + 2*r - 624 = -5*b. Suppose 57 = 7*f - r. What is the greatest common factor of 14 and f?
14
Suppose -320 = -0*o - 32*o. Calculate the highest common factor of o and 170.
10
Suppose 101 + 91 = 4*m. Suppose -56*q + m = -52*q. Calculate the greatest c